{"id":8304,"date":"2023-07-27T00:23:12","date_gmt":"2023-07-27T00:23:12","guid":{"rendered":"https:\/\/www.camaleontattoo.com\/tienda\/?post_type=product&#038;p=8304"},"modified":"2023-07-27T00:23:12","modified_gmt":"2023-07-27T00:23:12","slug":"stelar-spikes","status":"publish","type":"product","link":"https:\/\/www.camaleontattoo.com\/tienda\/aros-piercings\/stelar-spikes\/","title":{"rendered":"Stelar spikes"},"content":{"rendered":"<h2>Aro de acero quir\u00fargico grado implante con pinchos de brillos<\/h2>\n<p>\u00a1Este aro de acero quir\u00fargico grado implante con pinchitos de brillos, <em>es la joya donde la elegancia se encuentra con el brillo y el estilo se fusiona con la seguridad<\/em>!<\/p>\n<p>Nuestros aros para piercing est\u00e1n dise\u00f1ados con la intenci\u00f3n de combinar la sostificaci\u00f3n con un toque rebelde. Cada pincho de brillo resplandece con luz propia, capturando la atenci\u00f3n de todos a tu alrededor.<\/p>\n<p>La selecci\u00f3n cuidadosa de acero quir\u00fargico grado implante <strong>garantiza la calidad y durabilidad<\/strong> de cada pieza, mientras que su hipoalergenicidad ofrece tranquilidad a aquellos con piel sensible.<\/p>\n<p>Este aro de acero quir\u00fargico grado implante con pinchos de brillos engarzados tiene un cierre de click o bisagra. Es adecuado y confiable, ideal para brindarte una experiencia de piercings sin complicaciones.<\/p>\n<h3>\u00bfD\u00f3nde puedo colocar este piercing?<\/h3>\n<p>Los brillos est\u00e1n orientados de manera frontal, lo que hace este aro de acero quir\u00fargico con pinchos de brillos <strong>perfecto para piercings como el septum o el daith<\/strong>. Los brillos son piedras de circonita c\u00fabica engarzadas, proporcionando un<strong> brillo intenso<\/strong> y mayor durabilidad de la joya.<\/p>\n<p>En la tienda online de Camale\u00f3n Tattoo, nos esforzamos por brindarte productos de alta calidad y un servicio al cliente excepcional. Queremos ser tu gu\u00eda en el emocionante mundo de la joyer\u00eda de piercing, perm\u00edtenos formar parte de tu viaje de autenticidad y autoexpresi\u00f3n a trav\u00e9s de nuestros accesorios de piercing de confianza.<\/p>\n<h3>Informaci\u00f3n adicional<\/h3>\n<p>Grosor: 1,2 mm<br \/>\nDi\u00e1metro interno: 8,0 mm<br \/>\nTipo de cierre: bisagra<br \/>\nMaterial: acero quir\u00fargico 316L<br \/>\nColor: plateado, dorado<\/p>\n","protected":false},"excerpt":{"rendered":"<p>Aro para piercing de acero quir\u00fargico con pinchos de brillos. Perfecto para daith o septum. Disponible en color dorado o plateado.<\/p>\n","protected":false},"featured_media":8305,"comment_status":"open","ping_status":"closed","template":"","meta":[],"product_brand":[],"product_cat":[64],"product_tag":[101,97],"class_list":{"0":"post-8304","1":"product","2":"type-product","3":"status-publish","4":"has-post-thumbnail","6":"product_cat-aros-piercings","7":"product_tag-daith","8":"product_tag-septum","10":"first","11":"instock","12":"taxable","13":"shipping-taxable","14":"purchasable","15":"product-type-variable"},"_links":{"self":[{"href":"https:\/\/www.camaleontattoo.com\/tienda\/wp-json\/wp\/v2\/product\/8304","targetHints":{"allow":["GET"]}}],"collection":[{"href":"https:\/\/www.camaleontattoo.com\/tienda\/wp-json\/wp\/v2\/product"}],"about":[{"href":"https:\/\/www.camaleontattoo.com\/tienda\/wp-json\/wp\/v2\/types\/product"}],"replies":[{"embeddable":true,"href":"https:\/\/www.camaleontattoo.com\/tienda\/wp-json\/wp\/v2\/comments?post=8304"}],"wp:featuredmedia":[{"embeddable":true,"href":"https:\/\/www.camaleontattoo.com\/tienda\/wp-json\/wp\/v2\/media\/8305"}],"wp:attachment":[{"href":"https:\/\/www.camaleontattoo.com\/tienda\/wp-json\/wp\/v2\/media?parent=8304"}],"wp:term":[{"taxonomy":"product_brand","embeddable":true,"href":"https:\/\/www.camaleontattoo.com\/tienda\/wp-json\/wp\/v2\/product_brand?post=8304"},{"taxonomy":"product_cat","embeddable":true,"href":"https:\/\/www.camaleontattoo.com\/tienda\/wp-json\/wp\/v2\/product_cat?post=8304"},{"taxonomy":"product_tag","embeddable":true,"href":"https:\/\/www.camaleontattoo.com\/tienda\/wp-json\/wp\/v2\/product_tag?post=8304"}],"curies":[{"name":"wp","href":"https:\/\/api.w.org\/{rel}","templated":true}]}}