{"id":8074,"date":"2021-12-13T16:50:15","date_gmt":"2021-12-13T16:50:15","guid":{"rendered":"https:\/\/www.camaleontattoo.com\/tienda\/?post_type=product&#038;p=8074"},"modified":"2025-04-11T18:18:56","modified_gmt":"2025-04-11T18:18:56","slug":"top-flor-loto","status":"publish","type":"product","link":"https:\/\/www.camaleontattoo.com\/tienda\/barbell\/top-flor-loto\/","title":{"rendered":"Nen\u00fafar"},"content":{"rendered":"<h2>Top de acero quir\u00fargico con forma de flor de loto<\/h2>\n<p>La flor de loto es conocida como loto sagrado, loto indio o rosa del Nilo, y se relaciona con <strong>la pureza del cuerpo y del alma<\/strong>. No podemos asegurarte que llevando este top de acero quir\u00fargico con forma de flor de loto vayas a alcanzar la paz espiritual y mental, pero estamos seguros de que estar\u00e1s radiante.<\/p>\n<blockquote><p><strong>Si te gusta el motivo de la flor de loto tambi\u00e9n te puede gustar <a title=\"Aro de acero quir\u00fargico con cierre de bisagra p\u00e9talos de loto\" href=\"https:\/\/www.camaleontattoo.com\/tienda\/aros-piercings\/lutea\/\" rel=\"\">Lutea<\/a> o <a href=\"https:\/\/www.camaleontattoo.com\/tienda\/bananas-piercings\/padma\/\">Padma<\/a><\/strong><\/p><\/blockquote>\n<h3>\u00bfD\u00f3nde puedo usarlo?<\/h3>\n<p>Puedes usarlo donde m\u00e1s te guste<strong> l\u00f3bulo, tragus, h\u00e9lix, conch, flat, forward helix, medusa<\/strong>\u2026 \u00a1Donde quieras! No olvides comprar la barra del tama\u00f1o adecuado para poder usarlo.<\/p>\n<h3>\u00bfC\u00f3mo colocarlo?<\/h3>\n<p>Nosotros recomendamos cambiar la joya una vez que tu piercing este perfectamente cicatrizado. Lo ideal es que te lo coloque tu piercer de confianza, para que no te hagas da\u00f1o. Pero si quieres hacerlo por tu cuenta, realiza la operaci\u00f3n en un entorno limpio. Lava bien las manos y utiliza guantes de l\u00e1tex para poder apretarlo sin que te resbale en los dedos. Tambi\u00e9n recomendamos colocar una toalla debajo para que en caso de que se caiga el top de acero quir\u00fargico con forma de flor de loto no rebote y lo pierdas.<\/p>\n<p>Cualquier duda, por favor, contacta con nosotros. En el estudio de piercings y tatuajes de Camale\u00f3n Tattoo estaremos encantados de ayudarte.<\/p>\n<h3>Informaci\u00f3n adicional<\/h3>\n<ul>\n<li style=\"font-weight: 400;\" aria-level=\"1\"><span style=\"font-weight: 400;\">Grosor de la rosca: 0,8mm para barra de 1,2mm (no incluida)\u00a0<\/span><\/li>\n<li style=\"font-weight: 400;\" aria-level=\"1\"><span style=\"font-weight: 400;\">Tama\u00f1o del top: 13,0 mm<\/span><\/li>\n<li style=\"font-weight: 400;\" aria-level=\"1\"><span style=\"font-weight: 400;\">Material: acero quiru\u0301rgico 316L, zirconia c\u00fabica blanca<\/span><\/li>\n<li style=\"font-weight: 400;\" aria-level=\"1\"><span style=\"font-weight: 400;\">Color: plateado, dorado<\/span><\/li>\n<\/ul>\n","protected":false},"excerpt":{"rendered":"<p><span style=\"font-weight: 400;\">Top de acero quiru\u0301rgico 316L con forma de flor de loto, cierre de rosca interna. Colores plateado y dorado.<\/span><\/p>\n","protected":false},"featured_media":8079,"comment_status":"open","ping_status":"closed","template":"","meta":[],"product_brand":[],"product_cat":[110,111],"product_tag":[121,98,105,103],"class_list":{"0":"post-8074","1":"product","2":"type-product","3":"status-publish","4":"has-post-thumbnail","6":"product_cat-barbell","7":"product_cat-labret","8":"product_tag-flat","9":"product_tag-helix","10":"product_tag-lobulo-lobe","11":"product_tag-tragus","13":"first","14":"instock","15":"taxable","16":"shipping-taxable","17":"purchasable","18":"product-type-variable"},"_links":{"self":[{"href":"https:\/\/www.camaleontattoo.com\/tienda\/wp-json\/wp\/v2\/product\/8074","targetHints":{"allow":["GET"]}}],"collection":[{"href":"https:\/\/www.camaleontattoo.com\/tienda\/wp-json\/wp\/v2\/product"}],"about":[{"href":"https:\/\/www.camaleontattoo.com\/tienda\/wp-json\/wp\/v2\/types\/product"}],"replies":[{"embeddable":true,"href":"https:\/\/www.camaleontattoo.com\/tienda\/wp-json\/wp\/v2\/comments?post=8074"}],"wp:featuredmedia":[{"embeddable":true,"href":"https:\/\/www.camaleontattoo.com\/tienda\/wp-json\/wp\/v2\/media\/8079"}],"wp:attachment":[{"href":"https:\/\/www.camaleontattoo.com\/tienda\/wp-json\/wp\/v2\/media?parent=8074"}],"wp:term":[{"taxonomy":"product_brand","embeddable":true,"href":"https:\/\/www.camaleontattoo.com\/tienda\/wp-json\/wp\/v2\/product_brand?post=8074"},{"taxonomy":"product_cat","embeddable":true,"href":"https:\/\/www.camaleontattoo.com\/tienda\/wp-json\/wp\/v2\/product_cat?post=8074"},{"taxonomy":"product_tag","embeddable":true,"href":"https:\/\/www.camaleontattoo.com\/tienda\/wp-json\/wp\/v2\/product_tag?post=8074"}],"curies":[{"name":"wp","href":"https:\/\/api.w.org\/{rel}","templated":true}]}}