{"id":8036,"date":"2021-12-13T16:42:04","date_gmt":"2021-12-13T16:42:04","guid":{"rendered":"https:\/\/www.camaleontattoo.com\/tienda\/?post_type=product&#038;p=8036"},"modified":"2023-04-25T10:06:50","modified_gmt":"2023-04-25T10:06:50","slug":"serpiente","status":"publish","type":"product","link":"https:\/\/www.camaleontattoo.com\/tienda\/barbell\/serpiente\/","title":{"rendered":"Serpiente"},"content":{"rendered":"<p><span>Seductoras y misteriosas, a no ser que est\u00e9s caminando tranquilamente por el campo y te aparezca una. Para no correr riesgos, nosotros nos dedicamos a adorarlas en tatuajes y en joyas tan bonitas como este top de acero quiru\u0301rgico con forma de serpiente.<\/span><\/p>\n<blockquote><p>Tambi\u00e9n te puede interesar <a href=\"https:\/\/www.camaleontattoo.com\/tienda\/barbell\/top-rayito\/\">rayito<\/a> o <a href=\"https:\/\/www.camaleontattoo.com\/tienda\/barbell\/top-calavera\/\">calavera<\/a><\/p><\/blockquote>\n<h3><span>Donde puedo usarlo<\/span><\/h3>\n<p><span>Puedes usarlo donde m\u00e1s te guste l\u00f3bulo, tragus, h\u00e9lix, conch, flat, forward helix, medusa\u2026 \u00a1Donde m\u00e1s te guste! No olvides comprar la <a href=\"https:\/\/www.camaleontattoo.com\/tienda\/barbell\/barras\/\">barra<\/a> del tama\u00f1o adecuado para poder usarlo.<\/span><\/p>\n<h3><span>C\u00f3mo colocarlo<\/span><\/h3>\n<p><span>Nosotros recomendamos cambiar la joya una vez que tu piercing este perfectamente cicatrizado. Lo ideal es que te lo coloque tu piercer de confianza, para que no te hagas da\u00f1o. Pero si quieres hacerlo por tu cuenta, realiza la operaci\u00f3n en un entorno limpio. Lava bien las manos y utiliza guantes de l\u00e1tex para poder apretarlo sin que te resbale en los dedos. Tambi\u00e9n recomendamos colocar una toalla debajo para que en caso de que se caiga el top de acero quiru\u0301rgico con forma de serpiente no rebote y lo pierdas.<\/span><\/p>\n<p><span>Cualquier duda, por favor, contacta con nosotros. En el estudio de piercings y tatuajes de Camale\u00f3n Tattoo estaremos encantados de ayudarte.<\/span><\/p>\n<h3><span>Informaci\u00f3n adicional<\/span><\/h3>\n<ul>\n<li style=\"font-weight: 400;\" aria-level=\"1\"><span style=\"font-weight: 400;\">Grosor de la rosca: 0,8mm para barra de 1,2mm (no incluida)\u00a0<\/span><\/li>\n<li style=\"font-weight: 400;\" aria-level=\"1\"><span style=\"font-weight: 400;\">Tama\u00f1o del top: 12,0 mm<\/span><\/li>\n<li style=\"font-weight: 400;\" aria-level=\"1\"><span style=\"font-weight: 400;\">Material: acero quiru\u0301rgico 316L<\/span><\/li>\n<li style=\"font-weight: 400;\" aria-level=\"1\"><span style=\"font-weight: 400;\">Color: plateado, dorado<\/span><\/li>\n<\/ul>\n","protected":false},"excerpt":{"rendered":"<p><span style=\"font-weight: 400;\">Top de acero quiru\u0301rgico 316L con forma de serpiente, cierre de rosca interna. Colores plateado y dorado.<\/span><\/p>\n","protected":false},"featured_media":8039,"comment_status":"open","ping_status":"closed","template":"","meta":[],"product_brand":[],"product_cat":[110,111],"product_tag":[104,102,99,98,107,105,112,113,103],"class_list":{"0":"post-8036","1":"product","2":"type-product","3":"status-publish","4":"has-post-thumbnail","6":"product_cat-barbell","7":"product_cat-labret","8":"product_tag-anti-tragus","9":"product_tag-conch","10":"product_tag-forward-helix","11":"product_tag-helix","12":"product_tag-labio","13":"product_tag-lobulo-lobe","14":"product_tag-medusa","15":"product_tag-monroe","16":"product_tag-tragus","18":"first","19":"outofstock","20":"taxable","21":"shipping-taxable","22":"purchasable","23":"product-type-variable"},"_links":{"self":[{"href":"https:\/\/www.camaleontattoo.com\/tienda\/wp-json\/wp\/v2\/product\/8036","targetHints":{"allow":["GET"]}}],"collection":[{"href":"https:\/\/www.camaleontattoo.com\/tienda\/wp-json\/wp\/v2\/product"}],"about":[{"href":"https:\/\/www.camaleontattoo.com\/tienda\/wp-json\/wp\/v2\/types\/product"}],"replies":[{"embeddable":true,"href":"https:\/\/www.camaleontattoo.com\/tienda\/wp-json\/wp\/v2\/comments?post=8036"}],"wp:featuredmedia":[{"embeddable":true,"href":"https:\/\/www.camaleontattoo.com\/tienda\/wp-json\/wp\/v2\/media\/8039"}],"wp:attachment":[{"href":"https:\/\/www.camaleontattoo.com\/tienda\/wp-json\/wp\/v2\/media?parent=8036"}],"wp:term":[{"taxonomy":"product_brand","embeddable":true,"href":"https:\/\/www.camaleontattoo.com\/tienda\/wp-json\/wp\/v2\/product_brand?post=8036"},{"taxonomy":"product_cat","embeddable":true,"href":"https:\/\/www.camaleontattoo.com\/tienda\/wp-json\/wp\/v2\/product_cat?post=8036"},{"taxonomy":"product_tag","embeddable":true,"href":"https:\/\/www.camaleontattoo.com\/tienda\/wp-json\/wp\/v2\/product_tag?post=8036"}],"curies":[{"name":"wp","href":"https:\/\/api.w.org\/{rel}","templated":true}]}}