{"id":7499,"date":"2020-12-14T19:06:10","date_gmt":"2020-12-14T19:06:10","guid":{"rendered":"https:\/\/www.camaleontattoo.com\/tienda\/?post_type=product&#038;p=7499"},"modified":"2024-09-30T12:16:59","modified_gmt":"2024-09-30T12:16:59","slug":"amatista-tunel","status":"publish","type":"product","link":"https:\/\/www.camaleontattoo.com\/tienda\/dilataciones-piercings\/amatista-tunel\/","title":{"rendered":"Amatista t\u00fanel"},"content":{"rendered":"<h2>Dilataci\u00f3n o t\u00fanel de piedra amatista para la oreja<\/h2>\n<p>La amatista es una <strong>piedra preciosa de color violeta con vetas blancas<\/strong>. Aporta sentido com\u00fan, potencia la memoria y la motivaci\u00f3n. A nivel curativo, la amatista es <strong>ideal para aliviar el dolor de las tensiones f\u00edsicas, emocionales y psicol\u00f3gicas<\/strong>, tambi\u00e9n combate el insomnio y aporta un sue\u00f1o reparador. Adem\u00e1s de todo esto el t\u00fanel de piedra amatista \u00a1es precioso!<\/p>\n<p>Este t\u00fanel es <strong>doble acampanado<\/strong>, lo que significa que su forma es m\u00e1s delgada en el centro y sus bordes m\u00e1s anchos, ayudando a sentir el t\u00fanel bien sujeto una vez colocado en tu oreja, y que no se caiga cuando te inclines o sacudas la cabeza. Te recomendamos que utilices este t\u00fanel s\u00f3lo si tu dilataci\u00f3n est\u00e1 completamente curada, ya que su colocaci\u00f3n requiere que la piel sea un poco el\u00e1stica.<\/p>\n<p>Este t\u00fanel es <strong>100% org\u00e1nico<\/strong>, por lo que es perfecto para quienes quieren <a href=\"\/tienda\/dilataciones-piercings\/\">dilataciones<\/a> naturales. Si tienes alguna pregunta no dudes en consultarnos, en Camale\u00f3n Tattoo estaremos encantados de ayudarte.<\/p>\n<blockquote><p>Tambi\u00e9n te puede interesar <a title=\"Dilataci\u00f3n o t\u00fanel de piedra de jade\" href=\"https:\/\/www.camaleontattoo.com\/tienda\/dilataciones-piercings\/jade-tunel\/\" rel=\"\">Jade t\u00fanel<\/a><\/p><\/blockquote>\n<p>El t\u00fanel est\u00e1 disponible en varios tama\u00f1os. Cuanto m\u00e1s grande sea el di\u00e1metro, m\u00e1s se aprecian los detalles de la amatista, pero debes elegir el tama\u00f1o adecuado para tu dilataci\u00f3n. Tambi\u00e9n debes de tener en cuenta que la piedra es un material org\u00e1nico bastante pesado. Si no quieres que tu dilataci\u00f3n se haga m\u00e1s grande, te recomendamos que las quites por las noches, as\u00ed tu oreja podr\u00e1 descansar y no se estirar\u00e1 por el peso.<\/p>\n<h3>Informaci\u00f3n adicional<\/h3>\n<p>Tallas: 6 mm, 8 mm, 10 mm, 12 mm, 14 mm, 16 mm, 18 mm, 20 mm<br \/>\nMaterial: piedra amatista<\/p>\n<p>&nbsp;<\/p>\n","protected":false},"excerpt":{"rendered":"<p>Dilataci\u00f3n o t\u00fanel de piedra amatista<\/p>\n<p>&nbsp;<\/p>\n<p>&nbsp;<\/p>\n","protected":false},"featured_media":7500,"comment_status":"open","ping_status":"closed","template":"","meta":[],"product_brand":[],"product_cat":[67],"product_tag":[114,105],"class_list":{"0":"post-7499","1":"product","2":"type-product","3":"status-publish","4":"has-post-thumbnail","6":"product_cat-dilataciones-piercings","7":"product_tag-dilataciones","8":"product_tag-lobulo-lobe","10":"first","11":"instock","12":"taxable","13":"shipping-taxable","14":"purchasable","15":"product-type-variable"},"_links":{"self":[{"href":"https:\/\/www.camaleontattoo.com\/tienda\/wp-json\/wp\/v2\/product\/7499","targetHints":{"allow":["GET"]}}],"collection":[{"href":"https:\/\/www.camaleontattoo.com\/tienda\/wp-json\/wp\/v2\/product"}],"about":[{"href":"https:\/\/www.camaleontattoo.com\/tienda\/wp-json\/wp\/v2\/types\/product"}],"replies":[{"embeddable":true,"href":"https:\/\/www.camaleontattoo.com\/tienda\/wp-json\/wp\/v2\/comments?post=7499"}],"wp:featuredmedia":[{"embeddable":true,"href":"https:\/\/www.camaleontattoo.com\/tienda\/wp-json\/wp\/v2\/media\/7500"}],"wp:attachment":[{"href":"https:\/\/www.camaleontattoo.com\/tienda\/wp-json\/wp\/v2\/media?parent=7499"}],"wp:term":[{"taxonomy":"product_brand","embeddable":true,"href":"https:\/\/www.camaleontattoo.com\/tienda\/wp-json\/wp\/v2\/product_brand?post=7499"},{"taxonomy":"product_cat","embeddable":true,"href":"https:\/\/www.camaleontattoo.com\/tienda\/wp-json\/wp\/v2\/product_cat?post=7499"},{"taxonomy":"product_tag","embeddable":true,"href":"https:\/\/www.camaleontattoo.com\/tienda\/wp-json\/wp\/v2\/product_tag?post=7499"}],"curies":[{"name":"wp","href":"https:\/\/api.w.org\/{rel}","templated":true}]}}