{"id":7489,"date":"2020-12-14T18:44:20","date_gmt":"2020-12-14T18:44:20","guid":{"rendered":"https:\/\/www.camaleontattoo.com\/tienda\/?post_type=product&#038;p=7489"},"modified":"2024-05-18T23:18:04","modified_gmt":"2024-05-18T23:18:04","slug":"ojo-de-tigre-plug","status":"publish","type":"product","link":"https:\/\/www.camaleontattoo.com\/tienda\/dilataciones-piercings\/ojo-de-tigre-plug\/","title":{"rendered":"Ojo de tigre plug"},"content":{"rendered":"<h2>Dilataci\u00f3n o plug de piedra de ojo de tigre para la oreja<\/h2>\n<p>Si est\u00e1s buscando una joya con un look muy natural, esta es la tuya. Esta dilataci\u00f3n o plug de piedra de ojo de tigre, tiene esos <strong>marrones de diferentes tonos<\/strong> tan caracter\u00edsticos. Psicol\u00f3gicamente esta piedra <strong>cura los problemas de autoestima, autocr\u00edtica y bloqueos de creatividad<\/strong>. Tambi\u00e9n ayuda a equilibrar emocionalmente las energ\u00edas del ying y el yang.<\/p>\n<blockquote><p>Este plug es <strong>100% org\u00e1nico<\/strong>, <strong>no huele y no da\u00f1a tu piel<\/strong>, por lo que es perfecto para quienes quieren dilataciones naturales. <strong>Tambi\u00e9n te puede interesar su <a title=\"Dilataci\u00f3n o t\u00fanel de piedra de ojo de tigre para la oreja\" href=\"https:\/\/www.camaleontattoo.com\/tienda\/dilataciones-piercings\/ojo-de-tigre-tunel\/\" rel=\"\">versi\u00f3n en t\u00fanel<\/a> o la preciosa <a title=\"dilataci\u00f3n o plug de lapisl\u00e1zuli para la oreja\" href=\"https:\/\/www.camaleontattoo.com\/tienda\/dilataciones-piercings\/lapislazuli-plug\/\" rel=\"\">piedra lapisl\u00e1zuli<\/a>.<\/strong><\/p><\/blockquote>\n<p>Este plug es <strong>doble acampanado<\/strong>, lo que significa que su forma es m\u00e1s delgada en el centro y sus bordes m\u00e1s anchos, ayudando a sentir el plug bien sujeto una vez colocado en tu oreja, y que no se caiga cuando te inclines o sacudas la cabeza. Te recomendamos que utilices este plug s\u00f3lo si tu dilataci\u00f3n est\u00e1 completamente curada, ya que su colocaci\u00f3n requiere que la piel sea un poco el\u00e1stica.<\/p>\n<p>El plug est\u00e1 disponible en varios tama\u00f1os. Cuanto m\u00e1s grande sea el di\u00e1metro, m\u00e1s se aprecian los detalles de la piedra de ojo de tigre, pero debes elegir el tama\u00f1o adecuado para tu dilataci\u00f3n. Tambi\u00e9n debes de tener en cuenta que la piedra es un material org\u00e1nico bastante pesado. Si no quieres que tu dilataci\u00f3n se haga m\u00e1s grande, te recomendamos que las quites por las noches, as\u00ed tu oreja podr\u00e1 descansar y no se estirar\u00e1 por el peso.<\/p>\n<p>Si tienes alguna pregunta no dudes en consultarnos, en Camale\u00f3n Tattoo estaremos encantados de ayudarte.<\/p>\n<h3>Informaci\u00f3n adicional<\/h3>\n<p>Tallas: 4 mm, 6 mm, 8 mm, 10 mm, 12 mm, 14 mm, 16 mm, 18 mm, 20 mm<br \/>\nMaterial: ojo de tigre<\/p>\n","protected":false},"excerpt":{"rendered":"<p>Dilataci\u00f3n o plug de ojo de tigre<\/p>\n","protected":false},"featured_media":7490,"comment_status":"open","ping_status":"closed","template":"","meta":[],"product_brand":[],"product_cat":[67],"product_tag":[105],"class_list":{"0":"post-7489","1":"product","2":"type-product","3":"status-publish","4":"has-post-thumbnail","6":"product_cat-dilataciones-piercings","7":"product_tag-lobulo-lobe","9":"first","10":"instock","11":"taxable","12":"shipping-taxable","13":"purchasable","14":"product-type-variable"},"_links":{"self":[{"href":"https:\/\/www.camaleontattoo.com\/tienda\/wp-json\/wp\/v2\/product\/7489","targetHints":{"allow":["GET"]}}],"collection":[{"href":"https:\/\/www.camaleontattoo.com\/tienda\/wp-json\/wp\/v2\/product"}],"about":[{"href":"https:\/\/www.camaleontattoo.com\/tienda\/wp-json\/wp\/v2\/types\/product"}],"replies":[{"embeddable":true,"href":"https:\/\/www.camaleontattoo.com\/tienda\/wp-json\/wp\/v2\/comments?post=7489"}],"wp:featuredmedia":[{"embeddable":true,"href":"https:\/\/www.camaleontattoo.com\/tienda\/wp-json\/wp\/v2\/media\/7490"}],"wp:attachment":[{"href":"https:\/\/www.camaleontattoo.com\/tienda\/wp-json\/wp\/v2\/media?parent=7489"}],"wp:term":[{"taxonomy":"product_brand","embeddable":true,"href":"https:\/\/www.camaleontattoo.com\/tienda\/wp-json\/wp\/v2\/product_brand?post=7489"},{"taxonomy":"product_cat","embeddable":true,"href":"https:\/\/www.camaleontattoo.com\/tienda\/wp-json\/wp\/v2\/product_cat?post=7489"},{"taxonomy":"product_tag","embeddable":true,"href":"https:\/\/www.camaleontattoo.com\/tienda\/wp-json\/wp\/v2\/product_tag?post=7489"}],"curies":[{"name":"wp","href":"https:\/\/api.w.org\/{rel}","templated":true}]}}