{"id":7481,"date":"2020-12-14T18:27:09","date_gmt":"2020-12-14T18:27:09","guid":{"rendered":"https:\/\/www.camaleontattoo.com\/tienda\/?post_type=product&#038;p=7481"},"modified":"2023-08-01T12:33:42","modified_gmt":"2023-08-01T12:33:42","slug":"hansa","status":"publish","type":"product","link":"https:\/\/www.camaleontattoo.com\/tienda\/bananas-piercings\/hansa\/","title":{"rendered":"Hansa"},"content":{"rendered":"<h2>Mano de F\u00e1tima para el piercing del ombligo<\/h2>\n<p><strong>\u00bfQuieres protegerte de las malas energ\u00edas y atraer la buena fortuna?<\/strong> Entonces la Mano de F\u00e1tima para el piercing del ombligo es perfecta para ti, te proteger\u00e1 y te ayudar\u00e1 all\u00e1 a donde vayas. La barra de este piercing para el ombligo es de <strong>titanio grado implante<\/strong>, por lo que tambi\u00e9n te alejar\u00e1 de las reacciones al\u00e9rgicas y molestias.<\/p>\n<h3>\u00a1Adi\u00f3s a las reacciones al\u00e9rgicas!<\/h3>\n<p>El titanio es el material m\u00e1s recomendado internacionalmente para el uso de nuevas perforaciones, ya que contiene un <strong>0% de n\u00edquel<\/strong>. Este material se puede encontrar en los quir\u00f3fanos de nuestro pa\u00eds, porque se usa para hacer implantes para el cuerpo, ya que no desprende trazas de n\u00edquel, ni tampoco puede llevar a desarrollar una alergia al n\u00edquel.<\/p>\n<blockquote><p><strong>Otra banana de titanio para el ombligo es <a title=\"Piercing para el ombligo de titanio y perla sint\u00e9tica\" href=\"https:\/\/www.camaleontattoo.com\/tienda\/bananas-piercings\/perla\/\" rel=\"\">Perla<\/a><\/strong><\/p><\/blockquote>\n<p>En la tienda online de Camale\u00f3n Tattoo s\u00f3lo encontraras <strong>joyer\u00eda de la mejor calidad<\/strong>, es un lugar de confianza donde comprar piercings online, con todas las garant\u00edas. Si tienes alguna pregunta no dudes en consultarnos en Camale\u00f3n Tattoo, estaremos encantados de ayudarte.<\/p>\n<h3>Informaci\u00f3n adicional<\/h3>\n<p>Grosor: 1,6 mm<br \/>\nLongitud de la barra: 10,0 mm<br \/>\nTama\u00f1o de la bola: 5,0 mm<br \/>\nTipo de cierre: rosca<br \/>\nMaterial: titanio<br \/>\nColor: plateado o dorado<\/p>\n","protected":false},"excerpt":{"rendered":"<p>Piercing para el ombligo de titanio con forma de Mano de F\u00e1tima<\/p>\n","protected":false},"featured_media":7482,"comment_status":"open","ping_status":"closed","template":"","meta":[],"product_brand":[],"product_cat":[65],"product_tag":[95],"class_list":{"0":"post-7481","1":"product","2":"type-product","3":"status-publish","4":"has-post-thumbnail","6":"product_cat-bananas-piercings","7":"product_tag-ombligo","9":"first","10":"instock","11":"taxable","12":"shipping-taxable","13":"purchasable","14":"product-type-variable","15":"has-default-attributes"},"_links":{"self":[{"href":"https:\/\/www.camaleontattoo.com\/tienda\/wp-json\/wp\/v2\/product\/7481","targetHints":{"allow":["GET"]}}],"collection":[{"href":"https:\/\/www.camaleontattoo.com\/tienda\/wp-json\/wp\/v2\/product"}],"about":[{"href":"https:\/\/www.camaleontattoo.com\/tienda\/wp-json\/wp\/v2\/types\/product"}],"replies":[{"embeddable":true,"href":"https:\/\/www.camaleontattoo.com\/tienda\/wp-json\/wp\/v2\/comments?post=7481"}],"wp:featuredmedia":[{"embeddable":true,"href":"https:\/\/www.camaleontattoo.com\/tienda\/wp-json\/wp\/v2\/media\/7482"}],"wp:attachment":[{"href":"https:\/\/www.camaleontattoo.com\/tienda\/wp-json\/wp\/v2\/media?parent=7481"}],"wp:term":[{"taxonomy":"product_brand","embeddable":true,"href":"https:\/\/www.camaleontattoo.com\/tienda\/wp-json\/wp\/v2\/product_brand?post=7481"},{"taxonomy":"product_cat","embeddable":true,"href":"https:\/\/www.camaleontattoo.com\/tienda\/wp-json\/wp\/v2\/product_cat?post=7481"},{"taxonomy":"product_tag","embeddable":true,"href":"https:\/\/www.camaleontattoo.com\/tienda\/wp-json\/wp\/v2\/product_tag?post=7481"}],"curies":[{"name":"wp","href":"https:\/\/api.w.org\/{rel}","templated":true}]}}