{"id":7461,"date":"2020-12-14T17:53:40","date_gmt":"2020-12-14T17:53:40","guid":{"rendered":"https:\/\/www.camaleontattoo.com\/tienda\/?post_type=product&#038;p=7461"},"modified":"2023-11-27T23:00:38","modified_gmt":"2023-11-27T23:00:38","slug":"perla","status":"publish","type":"product","link":"https:\/\/www.camaleontattoo.com\/tienda\/bananas-piercings\/perla\/","title":{"rendered":"Perla"},"content":{"rendered":"<h2>Elegante piercing de perla sint\u00e9tica para el ombligo<\/h2>\n<p>Este piercing de perla sint\u00e9tica para el ombligo tiene una peque\u00f1a bola en la parte superior y una perla sint\u00e9tica m\u00e1s grande en la inferior. La barra es de <strong>titanio grado implante<\/strong>, el mejor material para tu cuerpo.<\/p>\n<p>Las perlas siempre se han considerado un <strong>s\u00edmbolo de paz, amor y lealtad<\/strong>. Se dice que tienen la <strong>capacidad de absorber toda la energ\u00eda negativa del cuerpo del que la porta<\/strong>, provoc\u00e1ndole esa sensaci\u00f3n de paz que tanto anhela. Por eso creemos que este piercing de perla sint\u00e9tica para el ombligo puede ser bonito y bueno para tu cuerpo.<\/p>\n<h3>\u00a1Adi\u00f3s a las reacciones al\u00e9rgicas!<\/h3>\n<p>El titanio es el material m\u00e1s recomendado internacionalmente para el uso de nuevas perforaciones, ya que contiene un <strong>0% de n\u00edquel<\/strong>. Este material se puede encontrar en los quir\u00f3fanos de nuestro pa\u00eds, porque se usa para hacer implantes para el cuerpo, ya que no desprende trazas de n\u00edquel, ni tampoco puede llevar a desarrollar una alergia al n\u00edquel.<\/p>\n<blockquote><p><strong>Otra banana de titanio para el ombligo es <a title=\"Piercing para el ombligo de titanio con forma de Mano de F\u00e1tima\" href=\"https:\/\/www.camaleontattoo.com\/tienda\/bananas-piercings\/hansa\/\" rel=\"\">Hansa<\/a><\/strong><\/p><\/blockquote>\n<p>Si tienes alguna duda sobre el producto de la tienda online de Camale\u00f3n Tattoo, preg\u00fantanos sin compromiso, el equipo de Camale\u00f3n Tattoo est\u00e1 para ayudarte.<\/p>\n<h3>Informaci\u00f3n adicional<\/h3>\n<p>Grosor: 1,6 mm<br \/>\nLongitud de barra: 10,0 mm<br \/>\nTipo de cierre: rosca<br \/>\nMaterial: titanio y perla sint\u00e9tica<br \/>\nColor: plateado, dorado<\/p>\n","protected":false},"excerpt":{"rendered":"<p>Piercing para el ombligo de titanio y perla sint\u00e9tica<\/p>\n","protected":false},"featured_media":7462,"comment_status":"open","ping_status":"closed","template":"","meta":[],"product_brand":[],"product_cat":[65],"product_tag":[95],"class_list":{"0":"post-7461","1":"product","2":"type-product","3":"status-publish","4":"has-post-thumbnail","6":"product_cat-bananas-piercings","7":"product_tag-ombligo","9":"first","10":"instock","11":"taxable","12":"shipping-taxable","13":"purchasable","14":"product-type-variable"},"_links":{"self":[{"href":"https:\/\/www.camaleontattoo.com\/tienda\/wp-json\/wp\/v2\/product\/7461","targetHints":{"allow":["GET"]}}],"collection":[{"href":"https:\/\/www.camaleontattoo.com\/tienda\/wp-json\/wp\/v2\/product"}],"about":[{"href":"https:\/\/www.camaleontattoo.com\/tienda\/wp-json\/wp\/v2\/types\/product"}],"replies":[{"embeddable":true,"href":"https:\/\/www.camaleontattoo.com\/tienda\/wp-json\/wp\/v2\/comments?post=7461"}],"wp:featuredmedia":[{"embeddable":true,"href":"https:\/\/www.camaleontattoo.com\/tienda\/wp-json\/wp\/v2\/media\/7462"}],"wp:attachment":[{"href":"https:\/\/www.camaleontattoo.com\/tienda\/wp-json\/wp\/v2\/media?parent=7461"}],"wp:term":[{"taxonomy":"product_brand","embeddable":true,"href":"https:\/\/www.camaleontattoo.com\/tienda\/wp-json\/wp\/v2\/product_brand?post=7461"},{"taxonomy":"product_cat","embeddable":true,"href":"https:\/\/www.camaleontattoo.com\/tienda\/wp-json\/wp\/v2\/product_cat?post=7461"},{"taxonomy":"product_tag","embeddable":true,"href":"https:\/\/www.camaleontattoo.com\/tienda\/wp-json\/wp\/v2\/product_tag?post=7461"}],"curies":[{"name":"wp","href":"https:\/\/api.w.org\/{rel}","templated":true}]}}