{"id":7373,"date":"2020-12-14T13:16:32","date_gmt":"2020-12-14T13:16:32","guid":{"rendered":"https:\/\/www.camaleontattoo.com\/tienda\/?post_type=product&#038;p=7373"},"modified":"2023-06-20T21:30:18","modified_gmt":"2023-06-20T21:30:18","slug":"olivar","status":"publish","type":"product","link":"https:\/\/www.camaleontattoo.com\/tienda\/dilataciones-piercings\/olivar\/","title":{"rendered":"Olivar"},"content":{"rendered":"<h2>Dilataci\u00f3n de madera de olivo para la oreja<\/h2>\n<p>Las dilataciones de madera son perfectas para el cuidado de tu oreja. La madera de Olivo tiene una textura suave y muy fina, es de color veige cremoso claro con vetas negras entretejidas, tambi\u00e9n tiene un olor agradable muy distintivo.<\/p>\n<p>Otra gran ventaja de esta madera de\u00a0 es que es muy aceitosa, por lo que no se necesita lubricante adicional para evitar que se seque. Esta dilataci\u00f3n es perfecta para los amantes de la naturaleza y del medioambiente.<\/p>\n<p>Puedes encontrar m\u00e1s joyas de dise\u00f1o y calidad en la tienda online de Camale\u00f3n Tattoo. \u00a1Re\u00ednventate sin miedo!<\/p>\n<h3>Informaci\u00f3n adicional<\/h3>\n<p>Tallas: 4 mm, 6 mm, 8 mm, 10 mm, 12 mm, 14 mm, 16 mm, 18 mm, 20 mm<br \/>\nMaterial: madera de olivo<\/p>\n","protected":false},"excerpt":{"rendered":"<p>Dilataci\u00f3n o tunnel de madera de olivo<\/p>\n","protected":false},"featured_media":7374,"comment_status":"open","ping_status":"closed","template":"","meta":[],"product_brand":[],"product_cat":[67],"product_tag":[105],"class_list":{"0":"post-7373","1":"product","2":"type-product","3":"status-publish","4":"has-post-thumbnail","6":"product_cat-dilataciones-piercings","7":"product_tag-lobulo-lobe","9":"first","10":"instock","11":"taxable","12":"shipping-taxable","13":"purchasable","14":"product-type-variable"},"_links":{"self":[{"href":"https:\/\/www.camaleontattoo.com\/tienda\/wp-json\/wp\/v2\/product\/7373","targetHints":{"allow":["GET"]}}],"collection":[{"href":"https:\/\/www.camaleontattoo.com\/tienda\/wp-json\/wp\/v2\/product"}],"about":[{"href":"https:\/\/www.camaleontattoo.com\/tienda\/wp-json\/wp\/v2\/types\/product"}],"replies":[{"embeddable":true,"href":"https:\/\/www.camaleontattoo.com\/tienda\/wp-json\/wp\/v2\/comments?post=7373"}],"wp:featuredmedia":[{"embeddable":true,"href":"https:\/\/www.camaleontattoo.com\/tienda\/wp-json\/wp\/v2\/media\/7374"}],"wp:attachment":[{"href":"https:\/\/www.camaleontattoo.com\/tienda\/wp-json\/wp\/v2\/media?parent=7373"}],"wp:term":[{"taxonomy":"product_brand","embeddable":true,"href":"https:\/\/www.camaleontattoo.com\/tienda\/wp-json\/wp\/v2\/product_brand?post=7373"},{"taxonomy":"product_cat","embeddable":true,"href":"https:\/\/www.camaleontattoo.com\/tienda\/wp-json\/wp\/v2\/product_cat?post=7373"},{"taxonomy":"product_tag","embeddable":true,"href":"https:\/\/www.camaleontattoo.com\/tienda\/wp-json\/wp\/v2\/product_tag?post=7373"}],"curies":[{"name":"wp","href":"https:\/\/api.w.org\/{rel}","templated":true}]}}