{"id":7109,"date":"2020-12-12T14:49:02","date_gmt":"2020-12-12T14:49:02","guid":{"rendered":"https:\/\/www.camaleontattoo.com\/tienda\/?page_id=7109"},"modified":"2020-12-13T15:54:33","modified_gmt":"2020-12-13T15:54:33","slug":"gastos-de-envio","status":"publish","type":"page","link":"https:\/\/www.camaleontattoo.com\/tienda\/gastos-de-envio\/","title":{"rendered":"Gastos de env\u00edo"},"content":{"rendered":"<h2>Env\u00edos a la Pen\u00ednsula<\/h2>\n<p>Todos nuestros Env\u00edos a Pen\u00ednsula se hacen a trav\u00e9s de Agencia de Transporte <strong>CORREOS\u00a0<\/strong>y ser\u00e1n entregados en un\u00a0<strong>plazo de 24-72 horas<\/strong>.<\/p>\n<p>El coste es de <strong>3,50 \u20ac IVA Incluido<\/strong>\u00a0para todos los pedidos de\u00a0<strong>la Provincia de Lugo para pedidos inferiores a 60 euros<\/strong>.<\/p>\n<p>El coste es de\u00a0<strong>4,50 \u20ac IVA Incluido<\/strong>\u00a0para toda la\u00a0<strong>Pen\u00ednsula para pedidos inferiores a 60 euros<\/strong>.<\/p>\n<p>El coste es <strong>gratuito<\/strong> para todos los pedidos que se recogen por el cliente en nuestro estudio en <strong>C\/ Reina, 23 1C 27001 Lugo (Galicia)<\/strong>.<\/p>\n<p>Los env\u00edos a toda Espa\u00f1a de\u00a0<strong>pedidos superiores a 60 euros son GRATIS<\/strong>.<\/p>\n<p><strong>Productos personalizados<\/strong>: El env\u00edo depender\u00e1 del tiempo de fabricaci\u00f3n y del embalaje de la mercanc\u00eda.<\/p>\n<p>&nbsp;<\/p>\n<h2>Islas Baleares, Canarias, Ceuta y Melilla<\/h2>\n<p>El coste es de <strong>7,50 \u20ac IVA Incluido<\/strong> para pedidos a las Islas Baleares, Ceuta y Melilla.<\/p>\n<p>El coste es de <strong>9,90\u00a0\u20ac IVA Incluido<\/strong> para pedidos a las Islas Canarias.<\/p>\n<p>No existe la opci\u00f3n de portes gratuitos para estos destinos.<\/p>\n<p>Si tiene cualquier duda rogamos contactar antes de realizar el pedido llamando al <strong>982 220 308<\/strong>\u00a0o bien\u00a0escribir un email.<\/p>\n<p>Los pedidos para las Islas, Ceuta o Melilla tardan aproximadamente entre 4-5 d\u00edas, y para Canarias 12-20 d\u00edas. El env\u00edo se realiza mediante Paquete Certificado de Correos.<\/p>\n<p>Para otros destinos, cons\u00faltenos a trav\u00e9s de nuestro formulario de contacto.<\/p>\n<p><strong>IMPORTANTE<\/strong><\/p>\n<p>El plazo de entrega es de 48 a 72 horas (en d\u00edas h\u00e1biles) a la Pen\u00ednsula y Baleares, siempre que tengamos stock de los productos solicitados. Si el producto no estuviera en stock, el plazo de entrega depender\u00e1 del tiempo de fabricaci\u00f3n del producto.<\/p>\n<p>En caso de no disponer de alg\u00fan\/os art\u00edculo\/s de su pedido en supuestos de compras simult\u00e1neas, le informar\u00edamos v\u00eda email, tel\u00e9fono o SMS, d\u00e1ndole un plazo de entrega estimado.<\/p>\n<p>El cierre diario de pedidos en tienda se efect\u00faa de lunes a viernes a las\u00a0<strong>19:30 horas<\/strong>\u00a0con entrega en destino seg\u00fan zona geogr\u00e1fica al d\u00eda siguiente o en las 24 horas posteriores.<\/p>\n<p>Cualquier pedido recibido posteriormente a las\u00a0<strong>19:30 horas<\/strong> ser\u00e1 procesado para ser enviado al d\u00eda siguiente.<\/p>\n<p>&nbsp;<\/p>\n<p>&nbsp;<\/p>\n","protected":false},"excerpt":{"rendered":"<p>Env\u00edos a la Pen\u00ednsula Todos nuestros Env\u00edos a Pen\u00ednsula se hacen a trav\u00e9s de Agencia de Transporte CORREOS\u00a0y ser\u00e1n entregados<\/p>\n","protected":false},"author":1,"featured_media":0,"parent":0,"menu_order":0,"comment_status":"closed","ping_status":"closed","template":"","meta":{"footnotes":""},"class_list":["post-7109","page","type-page","status-publish","hentry"],"_links":{"self":[{"href":"https:\/\/www.camaleontattoo.com\/tienda\/wp-json\/wp\/v2\/pages\/7109","targetHints":{"allow":["GET"]}}],"collection":[{"href":"https:\/\/www.camaleontattoo.com\/tienda\/wp-json\/wp\/v2\/pages"}],"about":[{"href":"https:\/\/www.camaleontattoo.com\/tienda\/wp-json\/wp\/v2\/types\/page"}],"author":[{"embeddable":true,"href":"https:\/\/www.camaleontattoo.com\/tienda\/wp-json\/wp\/v2\/users\/1"}],"replies":[{"embeddable":true,"href":"https:\/\/www.camaleontattoo.com\/tienda\/wp-json\/wp\/v2\/comments?post=7109"}],"version-history":[{"count":5,"href":"https:\/\/www.camaleontattoo.com\/tienda\/wp-json\/wp\/v2\/pages\/7109\/revisions"}],"predecessor-version":[{"id":7327,"href":"https:\/\/www.camaleontattoo.com\/tienda\/wp-json\/wp\/v2\/pages\/7109\/revisions\/7327"}],"wp:attachment":[{"href":"https:\/\/www.camaleontattoo.com\/tienda\/wp-json\/wp\/v2\/media?parent=7109"}],"curies":[{"name":"wp","href":"https:\/\/api.w.org\/{rel}","templated":true}]}}