{"id":3,"date":"2020-12-12T07:14:27","date_gmt":"2020-12-12T07:14:27","guid":{"rendered":"https:\/\/www.camaleontattoo.com\/tienda\/?page_id=3"},"modified":"2020-12-12T15:56:22","modified_gmt":"2020-12-12T15:56:22","slug":"politica-privacidad","status":"publish","type":"page","link":"https:\/\/www.camaleontattoo.com\/tienda\/politica-privacidad\/","title":{"rendered":"Pol\u00edtica de privacidad"},"content":{"rendered":"\r\n<p><strong>Raquel L\u00f3pez L\u00f3pez, 33305343D<\/strong>, R\u00faa Teatro 3 &#8211; 27001 &#8211; LUGO &#8211; LUGO, <a href=\"tel:982220308\">982220308<\/a><\/p>\r\n<p>De acuerdo con lo establecido en el Reglamento General de Protecci\u00f3n de Datos 2016\/679 (RGPD) y la Ley Org\u00e1nica 3\/2018, de 5 de diciembre, de Protecci\u00f3n de Datos Personales y Garant\u00eda de los Derechos Digitales, le informamos que trataremos sus datos personales con la finalidad de:<\/p>\r\n<p>Prestarle o entregarle el servicio o producto contratado, e informarle sobre los productos o servicios publicados en nuestra web.<\/p>\r\n<p>Los datos personales proporcionados se conservar\u00e1n, mientras se mantenga la relaci\u00f3n mercantil, no se solicite su supresi\u00f3n por el interesado, o durante 5 a\u00f1os a partir de la \u00faltima confirmaci\u00f3n de inter\u00e9s, o durante el tiempo necesario para cumplir con las obligaciones legales. La empresa NO tomar\u00e1 decisiones automatizadas. Los datos no se ceder\u00e1n a terceros salvo en los casos en que exista una obligaci\u00f3n legal y los trataremos en base a su consentimiento o ejecuci\u00f3n de un contrato.<\/p>\r\n<p>Asimismo, le informamos de la posibilidad de ejercer los siguientes derechos sobre sus datos personales: derecho de acceso, rectificaci\u00f3n, supresi\u00f3n u olvido, limitaci\u00f3n, oposici\u00f3n, portabilidad y a retirar el consentimiento prestado, para ello podr\u00e1 enviar un email a: camaleontattoo@live.com<\/p>\r\n<p>Adem\u00e1s, el interesado puede dirigirse a la Autoridad de Control en materia de Protecci\u00f3n de Datos competente para obtener informaci\u00f3n adicional o presentar una reclamaci\u00f3n si fuese necesario.<\/p>\r\n","protected":false},"excerpt":{"rendered":"<p>Raquel L\u00f3pez L\u00f3pez, 33305343D, R\u00faa Teatro 3 &#8211; 27001 &#8211; LUGO &#8211; LUGO, 982220308 De acuerdo con lo establecido en<\/p>\n","protected":false},"author":1,"featured_media":0,"parent":0,"menu_order":0,"comment_status":"closed","ping_status":"open","template":"","meta":{"footnotes":""},"class_list":["post-3","page","type-page","status-publish","hentry"],"_links":{"self":[{"href":"https:\/\/www.camaleontattoo.com\/tienda\/wp-json\/wp\/v2\/pages\/3","targetHints":{"allow":["GET"]}}],"collection":[{"href":"https:\/\/www.camaleontattoo.com\/tienda\/wp-json\/wp\/v2\/pages"}],"about":[{"href":"https:\/\/www.camaleontattoo.com\/tienda\/wp-json\/wp\/v2\/types\/page"}],"author":[{"embeddable":true,"href":"https:\/\/www.camaleontattoo.com\/tienda\/wp-json\/wp\/v2\/users\/1"}],"replies":[{"embeddable":true,"href":"https:\/\/www.camaleontattoo.com\/tienda\/wp-json\/wp\/v2\/comments?post=3"}],"version-history":[{"count":3,"href":"https:\/\/www.camaleontattoo.com\/tienda\/wp-json\/wp\/v2\/pages\/3\/revisions"}],"predecessor-version":[{"id":7153,"href":"https:\/\/www.camaleontattoo.com\/tienda\/wp-json\/wp\/v2\/pages\/3\/revisions\/7153"}],"wp:attachment":[{"href":"https:\/\/www.camaleontattoo.com\/tienda\/wp-json\/wp\/v2\/media?parent=3"}],"curies":[{"name":"wp","href":"https:\/\/api.w.org\/{rel}","templated":true}]}}